= -3*y - 41 - 23, -4*y - 120 = -4*v. List the prime factors of v.
2, 13
Let d be 6/(-9) + (-4)/12. Let x = d - -6. List the prime factors of x.
5
Suppose 4*t + 9*j - 1483 = 4*j, 5*j - 1860 = -5*t. List the prime factors of t.
13, 29
Let y(s) = -s**2 - s + 4. Let k(r) = -r + 1. Let w(b) = -3*k(b) - y(b). Let h = -11 + 5. What are the prime factors of w(h)?
5
Let w(o) = 5*o - 9. List the prime factors of w(8).
31
Suppose 7*w - 3*w = 20. Suppose 5*t = 5*n - 225, n - 151 = -2*n - w*t. List the prime factors of 2/7 - n/(-7).
7
Suppose 0 = -2*p - 3*k + 128, 2*p - 3*k = 104. Suppose 4*f - p = -c - 4*c, 2*c = -3*f + 19. What are the prime factors of c?
2, 7
Suppose -3*s = s - 664. What are the prime factors of s?
2, 83
Let v = 279 - 185. List the prime factors of v.
2, 47
Let w be -1*3 + 0/2. Let v be (26/6)/(w/(-9)). Suppose -31 - v = -4*s. List the prime factors of s.
11
List the prime factors of 24*-10*(-1)/8.
2, 3, 5
Suppose w - 2*w = -57. What are the prime factors of w?
3, 19
Suppose g - 113 = 16. Suppose -2*r = -5*r + g. What are the prime factors of r?
43
Let a be (-4)/(-12) - 22/(-6). Suppose a*h - 14 = -2*w, -6 = 4*w - 5*h - 34. List the prime factors of w.
7
Let q(c) = -c**3 - 9*c**2 - 10*c - 12. Let j(l) = 3*l + 4. Suppose 0 = m - 0*r + 4*r + 12, 4*r = 3*m + 4. Let h be j(m). List the prime factors of q(h).
2
Suppose 5*g + 0*g = 3*h + 8, 5*h - 20 = 0. Suppose 5*y = -4*o + o + 38, -g*o + 49 = 5*y. What are the prime factors of o?
11
Let o be 155/(-10) - 1/2. Let t = 62 + o. What are the prime factors of t?
2, 23
Suppose -20 = -0*y - 4*y, 345 = 5*t - 4*y. What are the prime factors of t?
73
Let t(d) = 2*d - 9. Let h be t(6). Suppose -3*j - 12 = -4*f - 0*j, -3*f = h*j + 12. Suppose u - 6 - 3 = f. List the prime factors of u.
3
Let h be 186/4 + 6/(-12). Suppose 5*s - 151 = -h. List the prime factors of s.
3, 7
Let v = 38 + 17. List the prime factors of v.
5, 11
Let f be 296/(-7) + (-4)/(-14). List the prime factors of 9 + -3 + -4 - f.
2, 11
List the prime factors of (-36)/((2 - 3) + 0).
2, 3
Let k be (-12)/5 + (-10)/(-25). List the prime factors of 9 + (k + 4)/1.
11
Let w(z) be the first derivative of z**2/2 + 8*z - 4. Let n = 0 + 0. What are the prime factors of w(n)?
2
Let g(c) = -c + 10. Let n be g(-10). Suppose n = -4*j, 5*x + 2*j - 39 = 61. List the prime factors of x.
2, 11
Let d(o) = 2*o**2 + o - 1. Let a be d(1). Let z = a - -1. Suppose -3*y - 1 = -3*g + g, -g + 14 = z*y. What are the prime factors of g?
5
Let t(r) be the second derivative of r**5/5 - r. Let h be t(1). Let d(g) = 4*g - 6. List the prime factors of d(h).
2, 5
Suppose 4*b = 5*k + 55, 5*k - 34 = -2*b + 31. Suppose 4*z = -z + b. Suppose -11 = -z*c + 3*c. What are the prime factors of c?
11
Let d = -1 + 0. Suppose -u + 1 = -3*n + 8, 0 = u - 2. List the prime factors of n - (-1 - (d - 0)).
3
Suppose -l = -4*l - 4*m + 38, -3*m + 24 = 2*l. What are the prime factors of l?
2, 3
Let j be (1 + 12/(-3))*2. Let w be 3/9 - 64/j. Let r = 18 - w. List the prime factors of r.
7
Suppose -k = 2*g - 187, 0*g = 2*g - 2*k - 196. List the prime factors of g.
5, 19
Suppose -5*i - 288 = -9*i. Let d = -35 + i. What are the prime factors of d?
37
Suppose 2*j - j = 8. Suppose j = -5*f - 3*y, 0*y - 3*y - 5 = 2*f. List the prime factors of (-24)/(-9) + f/(-3).
3
Suppose -5*v = -71 + 11. List the prime factors of 31/3 - (-8)/v.
11
Suppose -20 = -5*k, -m + 2*m - 3 = -k. Let y(b) = -5*b**3 + 2*b**2 + 2*b + 1. Let z be y(m). Let w = 17 - z. What are the prime factors of w?
11
Let a = -8 + 26. List the prime factors of a.
2, 3
Let g(u) be the second derivative of 0 - u + 1/2*u**3 + 1/6*u**4 + 1/2*u**2. What are the prime factors of g(-2)?
3
Let f(z) = 4*z**2 + 4*z. Let u be f(-4). Let y(v) = -4*v - 108. Let o be y(-28). Suppose o*w - u = 40. What are the prime factors of w?
2, 11
Let t(v) = 5*v**2 + v. Let q be t(-1). Suppose 1 = m + 3*j - 0*j, q*m - 3*j = 49. What are the prime factors of m?
2, 5
Let c(b) = b - 4. Let p = -19 - -35. What are the prime factors of c(p)?
2, 3
Suppose -5*f + 10 + 0 = 0. Let y(s) = 2*s + s + 0*s**f + s + 1 + s**2. List the prime factors of y(-5).
2, 3
Suppose 3 = -3*q, -4*o = 2*q + 2*q - 12. What are the prime factors of o?
2
Let k(c) = -c**2 - 9*c - 6. Suppose 0 = 5*p + 2 + 28. What are the prime factors of k(p)?
2, 3
What are the prime factors of (15/4)/((-2)/(-48))?
2, 3, 5
Suppose 32*r - 29*r = 240. List the prime factors of r.
2, 5
Suppose -55 = -4*w - 4*m + 5, 0 = 3*w + m - 37. What are the prime factors of w?
11
Let k be (-18)/42 - (-409)/7. Suppose 2*y + y = u + 34, 5*u - k = -4*y. What are the prime factors of y?
2, 3
Let u(c) = -c**3 + 10*c**2 + 2*c - 14. Let t be u(10). Let x(k) = k**3 - 6*k**2 + 6. What are the prime factors of x(t)?
2, 3
Suppose 2*a - 2 = -2*s + 7*s, 4*s + a + 12 = 0. List the prime factors of ((-7)/(-21))/(s/(-138)).
23
Let p = -29 + 33. Let j be ((-9)/(-12))/(2/8). What are the prime factors of 6/4*p/j?
2
Suppose -f = -3*f. Suppose 0*r - 4*x - 4 = 4*r, -5*r - 3*x + 1 = f. Suppose 5*w - 3*u = 49, w - r*w - 3*u + 17 = 0. List the prime factors of w.
11
Let b = -59 + 219. Suppose 7*k = 2*k + b. List the prime factors of k.
2
Let a be (-10)/3*6/(-5). Let n = a + -8. List the prime factors of (n/3 + 1)*-9.
3
Let o(b) = -14*b - 11. Let p(c) = -5*c - 4. Let k(d) = -4*o(d) + 11*p(d). List the prime factors of k(6).
2, 3
Let z = -14 - -16. Suppose 93 = n + z*n. What are the prime factors of n?
31
Let v(t) = -t + 12. List the prime factors of v(0).
2, 3
Suppose -2*b - 8 = -44. List the prime factors of b.
2, 3
Let d be (6/4)/(30/40). Suppose 2*u + 31 + 7 = 2*p, d*p - 50 = -4*u. What are the prime factors of p?
3, 7
Let m = 3 + 5. Let t = m + 0. List the prime factors of t.
2
Let x be (-5 - 0)*8/(-20). Suppose 3*b + 12 = 2*p, 3*p + 5*b + x = -18. Suppose -18 = -l - 3*a, 7*l - 2*l - 5*a + 10 = p. List the prime factors of l.
3
Let x = -41 - -80. Suppose -3*u - x = -6*u. What are the prime factors of u?
13
Suppose 4 = -q + 2. List the prime factors of -1 - (0 - (8 - q)).
3
Let m(u) = -u**3 + u**2 + 5*u - 2. Let q be m(3). Let h = 25 - 37. Let s = q - h. What are the prime factors of s?
7
Let d(v) = v - 2. Let z be d(6). Suppose 4*m - m + 2*w - 45 = 0, -4*w = -z*m + 60. Suppose m = i + 5*r, i - 5*r = -0*i - 5. List the prime factors of i.
5
Let m(k) = -4*k**2 + 5*k + 2. Let w(s) = 5*s**2 - 2 - 4*s**2 + 1. Let h(l) = m(l) + 6*w(l). List the prime factors of h(-4).
2
Let x(m) = -9*m + 22. Let h(b) = -4*b + 11. Let t(l) = 7*h(l) - 3*x(l). Let g be t(0). Let z = g + 9. List the prime factors of z.
2, 5
Suppose 185 = 3*b - 7*b - 5*q, 3*q + 241 = -5*b. Let x = b - -106. What are the prime factors of 4/(-2) - x/(-4)?
2, 3
Let f(q) = q**2 + 3*q + 4. List the prime factors of f(6).
2, 29
Suppose -464 = -2*a - 2*z, 2*z - 272 = -3*a + 421. What are the prime factors of a?
229
Let u be ((-186)/(-8))/(3/8). Suppose -i + 3 = -2*c, -3*i + u = 4*c + 13. List the prime factors of i.
11
Suppose 3*q - 3 = -a - 4*a, -q = -5*a - 21. Suppose -q*o + 75 = -o. What are the prime factors of o?
3, 5
Suppose 8 = -3*m + 29. Suppose 2*y = 3 - m. List the prime factors of -12*(-1 + y/(-4)).
2, 3
Let d = -11 - -15. Let m(q) = -q**3 - 4*q**2 - 4*q + 4. Let c be m(-4). Suppose -f + c = d*f. What are the prime factors of f?
2
Let t = 13 + -7. Suppose -i = -0*i - 2. Suppose -64 = i*o - t*o. List the prime factors of o.
2
Let z = 7 - 14. Let s(g) = -g**3 + 8*g**2 + g - 4. Let a(j) = 2*j**3 - 17*j**2 - 2*j + 7. Let n(i) = z*s(i) - 3*a(i). List the prime factors of n(5).
2
Suppose 3 = -2*y - 3*t, 13 - 1 = y - 3*t. Suppose -y*s = -52 + 19. What are the prime factors of s?
11
Suppose g - 5 = -0*g. Suppose -g*q + 4*d - 5 = -2*q, -q + 25 = 4*d. Suppose -4*i + 0*o = 2*o - 10, -4*i - q = 5*o. List the prime factors of i.
5
Let y(b) = -5*b**3 + 3*b**2 + 3*b. Let v be y(-2). Suppose -6*w + w + 3*h = -v, -2*h = -6. Suppose -7 = -2*x + w. What are the prime factors of x?
3
Suppose 4*o - 9*o = -535. What are the prime factors of o?
107
Let q(m) = m**2 + 2*m - 2. Let u be (-4)/8*0/(-2). Suppose 2*n - 2*a - 9 + 23 = 0, u = n - 4*a + 16. What are the prime factors of q(n)?
2, 3
Let i(g) = 6*g + 8. Suppose 2*p = -3*p + 20. What are the prime factors of i(p)?
2
Let y(m) = 4*m**2 + 12*m - 7. Let u(c) = 11*